90, t*x - 2*x - 3*u = 110. List the prime factors of x.
19
Let b(w) be the third derivative of -w**5/60 + w**4/24 - 2*w**2. Let c be b(1). Suppose c = -0*m - 3*m - 12, -4*f - 5*m = -8. List the prime factors of f.
7
Let q be 4/18 + 38/(-9). Suppose 0 = -v + 2*g - 42, 2*v = -0*v - 5*g - 102. What are the prime factors of v/(-4) - (-2)/q?
11
Let w = 14 - 4. Let g(v) = -v**3 + 10*v**2 + 8. List the prime factors of g(w).
2
Let v be (1 - 1)*3/(-6). Suppose 4*m - 4*n - 200 = v, 3*n = m - 6*m + 234. Suppose 2*s + m = 5*s. What are the prime factors of s?
2
Suppose 8*f + 2*f - 1390 = 0. List the prime factors of f.
139
Suppose -6*m = -0*m - 342. What are the prime factors of m?
3, 19
Suppose 1 = -4*s + 13. Suppose -5*d + 21 = -v, 0 = -s*v + 4*v + 5*d - 29. Suppose 5*z - 45 = 5*p - 0*p, -v*z = -p - 24. What are the prime factors of z?
5
Let y be (1 + 1)*261/18. Let r = 19 + -1. Let b = y - r. List the prime factors of b.
11
Let y = 60 - -16. What are the prime factors of y?
2, 19
Suppose 4*u + 3*g = 8*g - 189, 5*u + 225 = -5*g. Let o = u - -70. What are the prime factors of o?
2, 3
Let x(s) = s**2 + 2*s - 3. Let o be x(2). Suppose 2*m - d = 33, 2*d = o*m - d - 85. List the prime factors of m.
2, 7
Let h = -82 - -114. List the prime factors of h.
2
Let r be 1/(-1 + 0)*-2. Suppose -2 = -3*d + r*d. What are the prime factors of d?
2
Let g(v) = -4*v**2 - 2*v + 1. Let w be g(1). Let h(z) = -z - 1. Let y be h(w). Suppose -2 = -3*u - 5, 0 = -y*p + 2*u + 38. What are the prime factors of p?
3
Let m be (-4)/(-10) - (-34)/(-10). List the prime factors of 4/((1*m)/(-9)).
2, 3
Let g be 581/3 - (-2)/6. Let n be (-10)/(-45) - g/(-18). Let z = -6 + n. What are the prime factors of z?
5
Suppose -308 = -j + 5*o, -4*o = -0*o - 12. What are the prime factors of j?
17, 19
Suppose 4*k - 459 + 119 = 0. List the prime factors of k.
5, 17
Suppose -2*y - 5*v + 8 = 44, 3*y = 2*v - 35. Let c = 20 + y. What are the prime factors of c?
7
Suppose -q + 10 = 4*h - 10, 3*h + 4*q - 28 = 0. Suppose -h*j = -2*j - 4. What are the prime factors of j?
2
Suppose 0*m = 3*m + 183. Let j = m + 115. List the prime factors of j.
2, 3
Let m = -3 + 3. Suppose m = -2*o - 5 + 3. Let b = 6 + o. List the prime factors of b.
5
Suppose -22 = -5*t + 3. Suppose 0*v + 4*w + 14 = 2*v, -20 = -t*w. What are the prime factors of v?
3, 5
What are the prime factors of 2/(-6) - 292/(-12)?
2, 3
Let q(t) = -t**2 + t - 1. Let a(y) = y**2 + 5*y + 1. Let i(s) = -a(s) + q(s). Let o be i(-2). List the prime factors of (o - -7) + 0/1.
5
Suppose -2*d + 4*z = 160, 10 = 3*z - z. Let i = -50 - d. List the prime factors of i.
2, 5
Let v be (-6)/(-4)*(-4)/2. Let o = v - -3. What are the prime factors of o - (-2 - 11) - 1?
2, 3
Let v(w) = w**3 - 10*w**2 + w - 8. Let r be v(10). What are the prime factors of (r - 4) + 1 + 9?
2
Suppose 0*m - 111 = -3*m. What are the prime factors of m?
37
Let h = -7 - -22. What are the prime factors of h?
3, 5
Let q(y) = 2*y - 7. Let h(z) = -3*z + 7. Let p(u) = -3*h(u) - 4*q(u). Let b be p(-8). What are the prime factors of (-21)/(-7) - b/(-1)?
2
Let j(o) = 2*o + 1. Let h be j(6). Let y = 20 - h. What are the prime factors of y?
7
Let k(p) = 10 + 4 + 1 + p. List the prime factors of k(12).
3
Let c be 1 - (-5 - 0/1). Suppose 0 = 5*m - 59 - c. List the prime factors of m.
13
Suppose 0 = 6*m - 3*m - 84. Let f = 3 + -1. Suppose -2*x - f*x + m = 0. List the prime factors of x.
7
Let o(y) = 5*y + 2*y**2 - 3 - 7*y - y. List the prime factors of o(3).
2, 3
Let m(k) = -k - 2. Let o be m(4). List the prime factors of (-2*21)/(o/4).
2, 7
Let w(t) = t**3 + 5*t**2 - t - 4. Suppose 3*v + 7 = -5. What are the prime factors of w(v)?
2
Suppose 2*s - 43 - 49 = 0. What are the prime factors of s?
2, 23
Suppose 7*k + 74 = 592. List the prime factors of k.
2, 37
Suppose -3*p + 0*j = 5*j - 10, -5*p = -4*j + 45. Let k = p - 4. Let d = k + 29. What are the prime factors of d?
2, 5
Let z be (3/6)/(3/(-78)). Let d = -57 + 84. Let u = d + z. List the prime factors of u.
2, 7
Let h(s) = s - 1. What are the prime factors of h(10)?
3
Suppose 5*h - 3*z = 1640, -3*h + 464 = z - 506. List the prime factors of h.
5, 13
Let y = -32 - -57. What are the prime factors of y?
5
Let k(q) be the first derivative of q**4/2 - 4*q**3/3 + q**2/2 + 2*q + 2. Let z be k(2). What are the prime factors of (-2)/(-4) + 78/z?
2, 5
Suppose 14*u - 13*u - 20 = 0. List the prime factors of u.
2, 5
Let a(o) = 5*o**2 + 4*o**2 - 5*o**2 + o**3 - 6*o**2 + 1. Let m be a(3). What are the prime factors of m/(-35) - (-128)/7?
2, 3
Suppose 205 + 185 = 6*o. List the prime factors of o.
5, 13
Let d = 58 - 31. Let z = -30 + 12. Let h = d + z. List the prime factors of h.
3
Let x = -10 + 7. Let r be (1/2)/(x/(-18)). Suppose 2*s - 30 = -s - r*w, s - 2*w - 10 = 0. What are the prime factors of s?
2, 5
What are the prime factors of (-106)/(-8) + 3/4?
2, 7
Let s(u) = u**3 + 4*u**2 + 4*u + 3. Let f be s(-3). Let c(i) = i**3 + 5*i**2 + 3*i - 2. Let o be c(-4). List the prime factors of 12 - o/4*f.
2, 3
Let z be (-54)/21*-1*14. Suppose -r + z = r. What are the prime factors of r?
2, 3
Let p(i) = 2*i - 9. Let z be p(10). Let x(n) = -11. Let l(o) = o - 56. Let r(s) = z*x(s) - 2*l(s). What are the prime factors of r(-8)?
7
Suppose 2*s + 15 = 93. List the prime factors of s.
3, 13
Let j = -656 + 356. What are the prime factors of j/(-21) + (-8)/28?
2, 7
Let d = 0 - -4. Let i = d + 24. List the prime factors of i.
2, 7
Let y = 107 - -27. What are the prime factors of y?
2, 67
Let v = -9 + 22. Let k(f) = -f**3 + 6*f**2 + f - 7. Let x be k(6). What are the prime factors of (-4)/4*v*x?
13
Suppose 2*f - 82 = -3*v, 4*v = 5*f + 94 + 23. Let g = 13 - v. What are the prime factors of ((-1)/1)/(3/g)?
5
Suppose 3*r = -4*a - 0 + 6, 3*r = 4*a + 30. What are the prime factors of (-1*11)/(r/(-6))?
11
Let k = 5 - -5. What are the prime factors of k?
2, 5
Suppose -2*h = -5*z + 127, -h - 40 = -z - 17. List the prime factors of ((-3)/3*z)/(-1).
3
Let u = 32 - 19. Suppose g - u = -2*d, 0*d = d + 5*g - 29. List the prime factors of d.
2
Let c be 0/((-3)/6*2). What are the prime factors of 10/((-1)/(-1 - c))?
2, 5
Suppose 7*p - 18 = 59. What are the prime factors of p?
11
Let z = 6 + -6. List the prime factors of (5*(-1 - z))/(-1).
5
List the prime factors of 1/(3 + 944/(-316)).
79
Let j = 8 + -5. Suppose 2*y = j*y - 15. Suppose 0 = s - 2*x - 16, -4*s + 5*x + y = -34. List the prime factors of s.
2, 3
Let k = 270 - 106. List the prime factors of k.
2, 41
Suppose w - g - 83 = 0, -318 = -4*w - 0*g - 3*g. List the prime factors of w.
3
Suppose 41 = 5*k - 4*p, -5*k + 0*p = -5*p - 45. Let g(o) = o**3 - 5*o**2 + 2*o - 6. Let q be g(k). Suppose q*n + 8 = 28. What are the prime factors of n?
5
Let n(f) = f - 6. Let z = 3 - -6. Let a be n(z). Suppose -3*q = -5*y + 21, a*y - q = y + 8. List the prime factors of y.
3
Let r(d) = -3*d - 2*d**2 + 3 + d - 1. Let q be r(-3). Let b = 22 + q. List the prime factors of b.
2, 3
Let b(n) = 2*n - 6. List the prime factors of b(7).
2
Let v(f) = f**2 + f + 3. What are the prime factors of v(-3)?
3
Let y be -1 + 1 - (-1 + 0). Suppose 0 = q - 7 + y. Let k = -3 + q. What are the prime factors of k?
3
Let j be ((-4)/10)/((-9)/(-45)) + -15. Let u(m) = m**3 - 4*m**2 - 6*m - 3. Let k be u(6). Let r = j + k. List the prime factors of r.
2
Let v = -5 - -7. Let k(t) = t**2 + 5*t + 4. Let i be k(-5). Suppose v*c = -0*c + i. What are the prime factors of c?
2
Suppose 4*j - 2*o - 5 = 387, -5*j + 3*o + 491 = 0. What are the prime factors of j?
97
Suppose -3*m = -0*m. Suppose 3 + m = w. What are the prime factors of w?
3
Let h be (-4)/22 + (-18)/22. Let v be (2 + (-16 - h))/(-1). Suppose 12 = m + 2*g, -5*g + 39 = 2*m + v. What are the prime factors of m?
2
Let r = 41 - 2. What are the prime factors of r?
3, 13
Let j(d) be the third derivative of d**8/20160 + d**6/240 - d**5/30 + d**2. Let q(v) be the third derivative of j(v). List the prime factors of q(-3).
2, 3
What are the prime factors of ((-36)/(-8) - 0)*2?
3
Suppose 2*h - 4*q = -q + 33, -30 = -2*h + 2*q. Suppose -13 = -5*o + h. List the prime factors of o.
5
Let n be (-16)/(1 + -3) + -1. Let w = n - 7. Suppose w = -0*l + 2*l - 32. List the prime factors of l.
2
Suppose 77 = 3*h - 2*l, 5*h - 2*h + 3*l - 72 = 0. What are the pri